 - 1. Determine w(-11).
21
Let i(r) = r**3 + r**2 + 2*r - 60. Calculate i(0).
-60
Let z(t) = t**2 - 10*t + 8. Calculate z(7).
-13
Let l(p) = -2*p + 22. Determine l(5).
12
Let p(a) = -a - 5. What is p(0)?
-5
Let a(p) = -p**2 - 12*p - 6. Calculate a(-12).
-6
Let j(x) = -11*x + 119. Determine j(16).
-57
Let c(i) = -i**3 - 13*i**2 + 9. Give c(-13).
9
Let j(i) = i**3 + 15*i**2 + 16*i + 21. Give j(-14).
-7
Let y(u) = -16*u - 1. Calculate y(-1).
15
Let v(y) = -y**2 - 6*y + 8. What is v(-6)?
8
Let x(s) = 46*s**3 + 2*s**2 - s - 2. Determine x(-1).
-45
Let q(v) = 8*v - 69. Calculate q(6).
-21
Let r(k) = -7*k - 24. Determine r(-3).
-3
Let f(n) = -n**3 + 12*n**2 - 10*n - 15. What is f(11)?
-4
Let z(m) = m**3 + 16*m**2 + 28*m + 4. Calculate z(-14).
4
Let t(a) = -a + 26. Give t(9).
17
Let r(f) = -2*f**2 - 138*f + 6. Determine r(-69).
6
Let r(j) = -3*j**2 + 10*j - 4. Calculate r(7).
-81
Let f(j) = j**2 + j - 3. Calculate f(2).
3
Let t(c) = -c**2 + 4. What is t(3)?
-5
Let f(k) = k**3 + 6*k**2 + 8*k + 13. Determine f(-4).
13
Let z(m) = -10*m**2 - m. Determine z(1).
-11
Let p(c) = 2*c**2 + 7*c - 5. Determine p(-4).
-1
Let o(m) = 10*m + 57. Calculate o(-6).
-3
Let q(u) = -2*u**3 - 3*u**2 + 3*u + 4. Calculate q(2).
-18
Let w(d) = d**3 - 5*d**2 - 2*d + 6. Calculate w(5).
-4
Let x(f) = f**3 + f**2 - 5*f - 20. Determine x(0).
-20
Let y(b) = 10*b**2 - 24*b + 3. Give y(2).
-5
Let p(y) = 2*y + 18. Give p(-9).
0
Let w(p) = -9*p**3 - p**2 - 2*p - 1. Give w(-1).
9
Let m(i) = -i**2 + 8*i - 13. Determine m(7).
-6
Let x(t) = -t**3 + 8*t**2 - 8*t + 6. What is x(6)?
30
Let z(j) = j**2 + 6*j + 3. Calculate z(-6).
3
Let r(c) = c**3 + 14*c**2 - 52*c - 25. What is r(-17)?
-8
Let n(r) = -7*r + 28. Give n(4).
0
Let j(s) = s**2 - 3*s + 1. Determine j(4).
5
Let l(m) = 2*m**2 + 17*m + 3. Give l(-14).
157
Let k(j) = -j**3 - 23*j**2 - 29*j - 672. What is k(-23)?
-5
Let b(l) = l**2 - 21*l - 76. Determine b(24).
-4
Let m(o) = -22*o - 8. Give m(0).
-8
Let r(i) = -14*i + 3. What is r(2)?
-25
Let c(n) = n**3 - 13*n**2 - 17*n - 7. Determine c(14).
-49
Let d(s) = -3*s + 17. Determine d(9).
-10
Let h(p) = 6*p + 4. Give h(2).
16
Let y(j) = 28*j + 163. Calculate y(-6).
-5
Let z(g) = g**3 - 82*g**2 - 84*g + 89. Calculate z(83).
6
Let w(n) = -16*n + 3. Calculate w(-1).
19
Let c(a) = a**2 - 17*a + 38. Determine c(13).
-14
Let a(m) = -5*m + 23. What is a(4)?
3
Let c(w) = -4*w**2 - 159*w - 121. Calculate c(-39).
-4
Let u(p) = 17*p - 10. Determine u(2).
24
Let r(g) = g**3 + 8*g**2 + 1. Determine r(-8).
1
Let r(d) = -d**2 - 10*d - 29. What is r(-12)?
-53
Let f(k) = -14*k + 22. Give f(1).
8
Let j(a) = -82*a**2 - 1. Give j(-1).
-83
Let x(p) = -p**2 + 10*p + 18. Determine x(11).
7
Let i(c) = 270*c - 1890. What is i(7)?
0
Let v(z) = -z**3 - 21*z**2 - 21*z - 17. Give v(-20).
3
Let g(p) = 7*p - 6. Give g(-1).
-13
Let w(g) = -2*g - 14. Give w(-9).
4
Let i(t) = 3*t + 40. Calculate i(-11).
7
Let x(r) = r**3 - 6*r**2 + 11*r - 71. Determine x(6).
-5
Let g(m) = 6*m**2 - 7*m + 16. What is g(2)?
26
Let a(h) = -h**2 + 7*h. What is a(7)?
0
Let n(y) = 3*y + 17. Determine n(-7).
-4
Let d(n) = -n**2 + 6*n - 6. Determine d(4).
2
Let w(d) = d**3 + 4*d**2 - 4*d + 2. Determine w(2).
18
Let l(f) = f**2 + 3*f + 3. What is l(-2)?
1
Let m(o) = o**2 + 13*o + 48. What is m(-5)?
8
Let g(u) = -u**3 - 6*u**2 + 6*u - 1. Determine g(-6).
-37
Let c(m) = -m - 32. Give c(-26).
-6
Let n(a) = 2*a**2 - 11*a + 5. Calculate n(7).
26
Let z(y) = y**3 - 16*y**2 + 12. Calculate z(16).
12
Let d(h) = -56*h + 1064. Calculate d(19).
0
Let f(l) = -3*l + 57. Determine f(14).
15
Let r(y) = 89*y + 1321. Give r(-15).
-14
Let z(k) = 16*k - 29. Give z(5).
51
Let i(w) = -2*w**2 - 87*w - 53. Determine i(-43).
-10
Let i(o) = 3*o + 24. What is i(-8)?
0
Let a(u) = -5*u**3 + u**2. Determine a(2).
-36
Let i(v) = v**3 + 7*v**2 + 2*v - 7. What is i(-5)?
33
Let t(v) = -v**2 + 8*v + 431. What is t(25)?
6
Let f(x) = 75*x - 684. Determine f(9).
-9
Let b(m) = 4*m**2 + 3*m - 4. Give b(2).
18
Let d(g) = -4*g + 1. Calculate d(-5).
21
Let q(f) = f**2 + 11*f + 21. Determine q(-8).
-3
Let i(y) = 18*y + 98. Give i(-6).
-10
Let l(f) = f + 4. Give l(-7).
-3
Let z(q) = q**3 + 6*q**2 - 8*q - 12. Calculate z(-7).
-5
Let i(a) = -a**2 - 7*a + 10. Calculate i(-8).
2
Let a(p) = p**2 - 12*p + 2. Determine a(11).
-9
Let f(t) = t**3 + 2*t**2 - 43*t + 37. What is f(-8)?
-3
Let n(x) = 11*x + 68. Determine n(-20).
-152
Let v(w) = -w**3 - 5*w**2 - w + 4. Give v(-5).
9
Let f(b) = 18*b**2 + 6*b. What is f(-2)?
60
Let r(q) = q**2 + 2*q - 10. Determine r(-5).
5
Let a(s) = -2*s**2 + 3*s + 5. Give a(0).
5
Let z(k) = -2*k + 11. What is z(4)?
3
Let l(p) = -9*p - 35. Calculate l(-15).
100
Let y(j) = -j**3 - 4*j**2 + 3*j - 7. What is y(-5)?
3
Let y(s) = s**2 - 24*s - 49. Calculate y(26).
3
Let j(x) = x**3 - 9*x**2 - 26*x + 37. Give j(11).
-7
Let n(f) = -f**2 - 11*f + 52. Calculate n(-15).
-8
Let n(d) = 2*d**2 + 28*d - 1. Determine n(-14).
-1
Let w(f) = -2*f**2 + 12*f - 29. Give w(3).
-11
Let u(z) = 2*z**2 + 4*z + 1. Give u(-3).
7
Let a(h) = h**3 - 21*h**2 + 22*h - 32. Give a(20).
8
Let o(f) = 21*f - 58. Calculate o(3).
5
Let d(n) = n**2 - 10*n + 13. Calculate d(4).
-11
Let d(i) = -i**3 + i**2 + 2*i + 4. Calculate d(-2).
12
Let h(y) = 7*y - 51. Calculate h(8).
5
Let z(s) = -s**3 - 56*s**2 - 60*s - 268. Calculate z(-55).
7
Let c(u) = u**3 - 5*u**2 + 4*u + 4. Calculate c(4).
4
Let t(b) = -2*b**2 - 2*b - 4. Calculate t(-6).
-64
Let t(o) = o**2 - 3*o - 10. Give t(8).
30
Let k(x) = -x**2 + 3*x + 5. What is k(-4)?
-23
Let u(j) = -j**2 + 13*j + 52. Calculate u(16).
4
Let v(i) = -i**3 + 9*i**2 + 20*i - 63. Calculate v(10).
37
Let t(n) = 3*n + 46. Calculate t(-14).
4
Let v(s) = -s**2 - 4*s - 1. Determine v(-7).
-22
Let o(l) = -5*l**2 - 4*l - 5. Calculate o(-1).
-6
Let l(c) = -c**3 + 8*c**2 - 7*c + 4. Give l(7).
4
Let q(a) = a + 2. What is q(15)?
17
Let m(q) = q**2 - 26*q + 103. Give m(14).
-65
Let i(k) = 14*k + 13. Calculate i(5).
83
Let c(y) = y**3 - 36*y**2 - 116*y - 34. Determine c(39).
5
Let j(i) = 8*i - 362. Give j(41).
-34
Let n(w) = -5*w**2 + 2*w - 1. What is n(-1)?
-8
Let h(u) = u**3 - u**2 + u - 2. Determine h(2).
4
Let d(n) = 2*n**2 - 3*n + 2. Give d(0).
2
Let o(n) = 10*n + 70. Give o(-6).
10
Let r(y) = -y**3 - 10*y**2 - 1. What is r(-10)?
-1
Let j(a) = -21*a - 1111. Determine j(-53).
2
Let c(z) = 56*z - 62. Calculate c(1).
-6
Let a(c) = -c**2 + 15*c + 25. What is a(-2)?
-9
Let o(a) = -3*a**3 - a - 1. Determine o(-1).
3
Let n(p) = -7*p - 42. Determine n(-7).
7
Let c(z) = z**3 - 11*z**2 - 15*z + 7. Give c(12).
-29
Let m(t) = -t**3 - 11*t**2 + 10*t + 12. Calculate m(-12).
36
Let i(s) = -3*s + 9. Give i(6).
-9
Let j(s) = -s**3 - 4*s**2 + 2*s - 12. Give j(-5).
3
Let k(q) = -q**2 - 10*q + 501. Give k(-28).
-3
Let f(z) = 10*z + 333. Determine f(-33).
3
Let o(z) = -12*z + 5. Give o(6).
-67
Let a(b) = b**2 + 5*b - 209. Give a(12).
-5
Let c(b) = b**2 - 12*b - 18. What is c(6)?
-54
Let x(n) = -2*n**2 - 19*n + 67. What is x(-12)?
7
Let h(b) = -4*b**2 + 5*b - 4. Give h(4).
-48
Let v(a) = 38*a - 159. Give v(4).
-7
Let n(q) = -115*q - 1148. Give n(-10).
2
Let y(u) = u**3 + u**2 + u - 2. Calculate y(0).
-2
Let p(j) = -10*j**2 + 5*j - 3. Calculate p(-4).
-183
Let p(t) = -117*t**3 + 2*t - 1. Give p(1).
-116
Let v(y) = 14*y - 178. Determine v(14).
18
Let w(l) = -3*l - 28. Determine w(-10).
2
Let w(q) = -q**3 + 10*q**2 - 13*q + 26. Calculate w(9).
-10
Let w(o) = 2*o**2 + o - 3. What is w(-5)?
42
Let q(b) = b**2 - 2*b + 6. What is q(3)?
9
Let m(l) = -2*l**2 - 11*l - 1. What is m(-5)?
4
Let i(y) = y**2 + 14*y + 6. Give i(-13).
-7
Let y(h) = -h**2 - 8*h - 4. Calculate y(-4).
12
Let h(j) = j**3 - 8*j**2 - 2*j + 6. Give h(9).
69
Let h(n) = -2*n**2 + 17. What is h(-5)?
-33
Let c(y) = -7*y - 33. Determine c(15).
-138
Let f(t) = -2*t - 34. Calculate f(-9).
-16
Let l(a) = -12*a - 95. What is l(-7)?
-11
Let m(c) = -4*c**3 + 25*c**2 - 30. What is m(6)?
6
Let r(s) = 13*s**2 + s. Give r(1).
14
Let g(w) = -w**2 - 7*w + 3. What is g(-7)?
3
Let q(k) = 2*k**2 + 2*k + 15. Calculate q(-4).
39
Let i(q) = q**3 - 9*q**2 + 7*q - 7. Determine i(8).
-15
Let n(p) = p + 4. What is n(9)?
13
Let h(m) = -3*m**3 - m. Determine h(-1).
4
Let o(b) = -13*b - 65. Give o(-5).
0
Let n(d) = 13*d - 3. What is n(6)?
75
Let p(f) = 28*f**2 - 5*f + 3. What is p(2